8
Let t(p) = p**2 - p - 141. What is t(14)?
41
Let d(a) = -269*a**2 - 5917*a + 20. Determine d(-22).
-2
Let k(t) = -3*t**2 - 20*t - 14. Determine k(7).
-301
Let q(i) = -i**2 + 94*i - 85. Calculate q(93).
8
Let z(a) = 47*a**2 - 4542*a - 1655. What is z(97)?
-6
Let s(v) = -486*v - 1142. Determine s(-2).
-170
Let n(g) = 3894*g**2 + 15583*g + 26. Calculate n(-4).
-2
Let v(k) = k**3 + 74*k**2 - 309*k + 221. Calculate v(-78).
-13
Let k(n) = -n**3 - 9*n**2 - 33*n - 59. What is k(-5)?
6
Let j(b) = 19*b**2 + 48*b + 53. Determine j(-1).
24
Let u(f) = 130*f + 250. Give u(-2).
-10
Let z(c) = -c**3 - 94*c**2 + 3875*c - 4. What is z(31)?
-4
Let h(z) = 3*z**3 + 592*z**2 - 401*z - 1042. What is h(-198)?
-52
Let v(g) = g**2 + 9*g - 18. Calculate v(-12).
18
Let j(q) = q**3 - 138*q**2 + 534*q + 276. Give j(134).
8
Let x(s) = s**3 + 4*s**2 - 137*s + 27. Give x(11).
335
Let v(h) = -24*h**3 - 4*h**2 - 7*h - 1. Give v(-1).
26
Let j(b) = -b**3 - 35*b**2 - 2*b + 47. Give j(-35).
117
Let t(d) = -2*d**3 + 30*d**2 + 8*d - 127. What is t(15)?
-7
Let l(j) = 667*j - 14005. Determine l(21).
2
Let z(f) = 1149*f + 17232. Determine z(-15).
-3
Let s(f) = -f**2 + 58*f - 807. Give s(23).
-2
Let x(n) = 4*n**3 - 2*n**2 - 67*n + 131. Give x(2).
21
Let x(y) = 2*y**3 + 21*y**2 + 31*y + 37. What is x(-9)?
1
Let x(p) = -144*p**2 - 4*p - 4. What is x(-1)?
-144
Let f(p) = 4*p - 133. Calculate f(25).
-33
Let v(x) = -301*x + 16. Determine v(0).
16
Let a(m) = 4*m**2 + 8*m - 14. Give a(-3).
-2
Let q(g) = -5*g**2 + 4. What is q(3)?
-41
Let z(a) = a**2 - 91*a + 791. Determine z(10).
-19
Let w(q) = 1497*q + 4484. Determine w(-3).
-7
Let j(f) = 37*f + 1355. Determine j(-37).
-14
Let n(z) = -2*z**3 - 2*z**2 + 15*z - 2. Determine n(3).
-29
Let t(x) = 5*x**3 + 127*x**2 + 51*x + 22. Determine t(-25).
-3
Let n(j) = -75*j + 575. Determine n(7).
50
Let w(o) = -6*o**2 + 157*o - 18. What is w(27)?
-153
Let n(j) = 239*j - 12923. Determine n(54).
-17
Let l(k) = 4*k**3 - 41*k**2 - 37*k + 37. Calculate l(11).
-7
Let s(n) = 108*n + 3247. Determine s(-30).
7
Let n(j) = j**3 - 6*j**2 - 18*j + 51. Determine n(8).
35
Let l(o) = -o**3 - 90*o**2 - 45*o - 4045. What is l(-90)?
5
Let w(o) = -278*o - 190. Calculate w(-1).
88
Let m(w) = 70*w - 1822. What is m(26)?
-2
Let i(n) = n**3 + 3*n**2 - 6*n - 23. Calculate i(-3).
-5
Let a(w) = -4*w**3 - 81*w**2 - 42*w - 2. Calculate a(-20).
438
Let w(a) = a**3 + 49*a**2 - 48*a + 86. Determine w(-50).
-14
Let w(r) = 3*r - 167. Calculate w(25).
-92
Let d(g) = g**2 + 273*g - 1941. Give d(7).
19
Let i(v) = -3*v**2 - 366*v + 1097. What is i(-125)?
-28
Let l(b) = 44*b + 169. Determine l(-4).
-7
Let x(g) = -g**2 - 122*g + 4923. Determine x(32).
-5
Let d(t) = -4*t**2 - 22*t + 3. Give d(-7).
-39
Let f(b) = b**3 - 20*b**2 - 6*b - 544. What is f(21)?
-229
Let o(p) = -p**3 - 16*p**2 - 10*p - 20. Calculate o(-5).
-245
Let p(a) = 2*a**3 - 104*a**2 - 116*a + 527. Calculate p(53).
-3
Let x(p) = p**3 + 39*p**2 + 30*p - 328. Determine x(-38).
-24
Let z(d) = -d**2 - 359*d - 2465. Calculate z(-7).
-1
Let s(o) = -12*o**2 + 91*o + 17. What is s(8)?
-23
Let m(h) = 5*h - 32. What is m(-6)?
-62
Let q(t) = 143*t - 705. Calculate q(5).
10
Let x(p) = 2*p**3 + 20*p**2 + 26*p + 81. Give x(-9).
9
Let k(i) = i**2 - 669. What is k(41)?
1012
Let i(o) = -181*o**2 - 46*o + 45. Calculate i(1).
-182
Let r(q) = q**2 - 47*q - 371. Calculate r(-7).
7
Let j(x) = -x**3 + 2*x**2 + 52*x - 36. Determine j(8).
-4
Let h(v) = -v**2 + 102*v - 1655. Give h(20).
-15
Let h(n) = -5*n**2 - 106*n + 50. Determine h(-22).
-38
Let x(g) = g**2 - 20*g + 3. Give x(8).
-93
Let h(t) = -2*t**3 - 3*t**2 + 4*t + 11. Calculate h(-3).
26
Let g(b) = 16*b**2 + 265*b - 719. Calculate g(-19).
22
Let h(u) = 4*u**2 - 373*u + 104. Calculate h(93).
11
Let b(o) = 27648*o + 165894. What is b(-6)?
6
Let d(y) = -257*y - 16670. Determine d(-65).
35
Let l(a) = a**2 - 2*a - 361. Determine l(17).
-106
Let j(u) = u**3 - 204*u**2 - 413*u + 226. Give j(206).
20
Let m(v) = -53*v**2 - 12*v + 9. Determine m(2).
-227
Let x(h) = 3*h**3 - 20*h**2 + 12*h - 38. What is x(6)?
-38
Let d(u) = u**2 + 34*u + 106. Give d(-31).
13
Let n(r) = -11*r**2 + 936*r + 1878. Determine n(-2).
-38
Let l(u) = -u**3 - 13*u**2 + 86*u - 71. Give l(4).
1
Let n(l) = l**2 + 75*l - 216. Determine n(3).
18
Let w(r) = -425*r - 36135. Determine w(-85).
-10
Let m(v) = -934*v - 37376. What is m(-40)?
-16
Let b(j) = 12*j - 1001. Calculate b(85).
19
Let i(c) = c**3 + 3*c**2 - 90*c + 33. Give i(-11).
55
Let p(l) = 8*l**2 + 379*l + 168. Give p(-47).
27
Let q(n) = -n**3 - 36*n**2 - 183*n - 34. Determine q(-30).
56
Let y(w) = -w**3 + 17*w**2 + 8*w - 73. Give y(17).
63
Let m(d) = -d**2 + 2*d - 58. Calculate m(13).
-201
Let q(j) = 15*j + 257. Calculate q(-21).
-58
Let g(b) = -11*b - 168. Determine g(-7).
-91
Let m(x) = 6*x**2 - 2*x + 13. Determine m(3).
61
Let u(b) = 41*b - 4947. Determine u(119).
-68
Let v(r) = -4*r**3 - 2*r**2 - 20*r - 58. Calculate v(0).
-58
Let h(t) = -t**3 - 7*t**2 - 14*t - 12. Determine h(-5).
8
Let h(y) = 8*y + 236. Calculate h(-19).
84
Let j(r) = 232*r**2 - 1858*r - 11. Determine j(8).
-27
Let i(t) = -2*t**2 - 7*t + 316. Determine i(11).
-3
Let h(a) = -a**3 - 28*a**2 + 30*a + 88. What is h(-29)?
59
Let u(y) = 106*y - 771. What is u(7)?
-29
Let p(b) = -2*b**3 + 40*b**2 - 176*b - 78. What is p(13)?
0
Let x(a) = -3*a**3 - 27*a**2 - 47*a + 8. Give x(-9).
431
Let x(j) = j**3 + 36*j**2 + 32*j - 57. What is x(-35)?
48
Let g(h) = -10*h - 135. Give g(-7).
-65
Let f(c) = -c**2 - 105*c - 770. Give f(-97).
6
Let b(r) = r**3 - 21*r**2 + 56*r + 46. Determine b(17).
-158
Let p(m) = m**3 - 52*m**2 + 191*m + 62. Calculate p(48).
14
Let q(w) = w**2 - 81*w + 1599. Calculate q(34).
1
Let a(p) = 36*p + 296. Determine a(4).
440
Let j(h) = -h**3 - 17*h**2 - 32*h - 10. Determine j(-15).
20
Let s(h) = 2*h**2 - 175*h + 721. Give s(84).
133
Let w(u) = -u**2 - 40*u - 201. Determine w(-5).
-26
Let x(r) = r**3 - 9*r**2 - 85*r + 615. What is x(6)?
-3
Let m(f) = -147*f - 775. Determine m(-8).
401
Let t(g) = g**2 - 17*g + 9. What is t(16)?
-7
Let c(h) = -2*h**3 - 185*h**2 - 94*h - 212. What is c(-92)?
-28
Let t(m) = -2*m**2 + 44*m - 192. Give t(5).
-22
Let r(d) = -15*d + 40. Determine r(-9).
175
Let w(m) = -m**3 - 31*m**2 + 70*m + 1202. Calculate w(-32).
-14
Let h(j) = j**2 + 89*j + 1303. Calculate h(-41).
-665
Let u(d) = 27*d**3 + d**2 + 40*d + 41. Calculate u(-1).
-25
Let i(h) = 100*h - 1416. What is i(14)?
-16
Let r(h) = 2*h**3 - 4*h - 204. Give r(0).
-204
Let d(g) = 12*g**3 + 2*g**2 + 896*g + 1792. Give d(-2).
-88
Let q(p) = 2*p**2 - 10*p - 8. Calculate q(-2).
20
Let m(i) = 3*i**3 - 199*i**2 + 66*i + 53. What is m(66)?
53
Let p(f) = -12*f**2 + 22*f - 95. Calculate p(4).
-199
Let t(w) = -12*w - 163. Calculate t(-26).
149
Let p(o) = -o**3 + 16*o**2 + 268*o + 64. Give p(26).
272
Let m(w) = 71*w - 360. Give m(12).
492
Let k(p) = 20*p**3 + 6*p + 11. Give k(-2).
-161
Let j(g) = -3*g**2 + 5*g + 24. Determine j(-4).
-44
Let r(l) = -58*l**3 + l**2 - 2*l - 2. Give r(-1).
59
Let z(n) = 105*n**3 + 8*n**2 + 7*n + 3. Determine z(-2).
-819
Let o(k) = -176*k**2 + 6*k + 4. Calculate o(-1).
-178
Let l(d) = -3*d**3 - 121*d**2 - 730*d - 124. What is l(-33)?
8
Let w(a) = -2*a**3 + 8*a**2 + a - 5. Determine w(4).
-1
Let n(t) = -119*t - 11. Determine n(1).
-130
Let d(w) = -w**3 + 21*w**2 - 145*w + 1327. Determine d(17).
18
Let s(k) = -8336*k + 33338. What is s(4)?
-6
Let s(t) = 18*t + 918. Calculate s(-50).
18
Let o(b) = -12*b**2 - 20*b + 68. Determine o(4).
-204
Let b(s) = 14*s + 475. What is b(-10)?
335
Let d(y) = -y**3 + 20*y**2 - 19*y + 98. Calculate d(19).
98
Let w(l) = l**3 + 4*l**2 + 248*l + 1309. Give w(-5).
44
Let o(l) = -133*l - 3466. Give o(-26).
-8
Let r(v) = -v**3 + 15*v**2 - 17*v + 57. Give r(14).
15
Let o(q) = 29*q + 2961. Give o(-98).
119
Let z(i) = -18*i + 172. What is z(15)?
-98
Let y(v) = 39*v**2 - 332*v - 13. Calculate y(7).
-426
Let u(k) = -2*k**3 - k**2 + 29*k + 28. What is u(-1)?
0
Let d(q) = 3*q**2 + q - 13. Give d(9).
239
Let y(v) = 6*v**2 - 19*v - 8. Determine y(-5).
237
Let h(k) = -73*k + 282. What is h(4)?
-10
Let p(r) = 1038*r + 14498. Calculate p(-14).
-34
Let r(g) = -14*g**3 + 2*g**2 - 2. Determine r(1).
-14
Let m(q) = 34*q - 1. Calculate m(-5).
-171
Let c(z) = 83*z**2 + 1236*z - 134. Calculate c(-15).
1